 List the prime factors of n.
7, 13
Suppose -4*z - 2*x + 2876 = -6*x, x = -3*z + 2137. List the prime factors of z.
2, 3, 7, 17
Suppose 0 = -d - 2*r + 28, 0*d - r - 56 = -3*d. Let c = d + -26. What are the prime factors of (-2)/(c/99)*1?
3, 11
Let v(l) = 6*l**3 + l + 1. Let y be v(-1). Let j(o) = -o**2 - 8*o - 4. Let p be j(y). Suppose 0 = -u - 3 + p. List the prime factors of u.
5
Suppose -1885 - 4271 = -4*p. What are the prime factors of p?
3, 19
Let p(f) = f + 21. Let s be p(-16). Suppose -2*m - 6 = 4*t, 2*t - 29 = -s*m + 3*t. Suppose 0 = j - m*j + 60. List the prime factors of j.
3, 5
Let t = 3711 + -2592. What are the prime factors of t?
3, 373
Let m = 69 + -49. Let u be (-6)/(-8) - 15/m. Suppose u*d + 3*d = 3*f, 2*f + 2*d - 12 = 0. List the prime factors of f.
3
Let h(n) = -11*n**3 + 2*n**2 + 2*n + 2. Let s be -4*(2/(-4) - -1). What are the prime factors of h(s)?
2, 47
Let h = 12 + -13. Let a(n) = -39*n**3 - n**2. Let r be a(h). Let k = -17 + r. What are the prime factors of k?
3, 7
Suppose -2984 = -12*w + 4*w. List the prime factors of w.
373
Let c(o) = -o**3 - 10*o**2 - 13*o + 6. Let t be c(-11). Suppose -t = -91*l + 86*l. What are the prime factors of l?
2, 3
Let r(d) = -d**2 - 9*d. Let u be r(-9). Suppose 0*n - 4*n + 20 = u. Suppose -g = 4*s + 2*g - 154, -10 = -n*g. List the prime factors of s.
37
Let i be 38 - 0 - (0 - 0). Let y = i - 15. List the prime factors of y.
23
Suppose -4*d + 7786 = 3*h, 0 = 4*d - 24*h + 26*h - 7788. List the prime factors of d.
2, 487
Suppose -q = -47 - 1065. List the prime factors of q.
2, 139
Let x be (-6)/(-9)*18/4. Suppose -x*n + 86 = -40. Suppose -p - 100 - 90 = -4*j, 0 = j - 3*p - n. List the prime factors of j.
2, 3
Suppose 5*v - 38 = -p + 66, v + 2*p - 28 = 0. Suppose 23*z - v*z = 51. Let l = -6 + z. List the prime factors of l.
11
Let s(t) = t**2 - 4*t + 13. Let l = -4 - -14. List the prime factors of s(l).
73
Let c be (-4 - 25/(-10))*-2. Suppose c*k - 6*k = b - 148, -5*b + 5 = 0. What are the prime factors of k?
7
Let i(h) = 35*h**2 + 1. Let k be i(2). Suppose 15*o + k = 16*o. List the prime factors of o.
3, 47
Let x(a) = a + 5. Let v be x(6). Suppose -3*k = 43 + v. What are the prime factors of (-24)/(-10) - k/(-45)?
2
List the prime factors of 3/15 - 73/(-10)*56.
409
Let d(q) = -55*q + 115. List the prime factors of d(0).
5, 23
Let p be (-1*0/4)/(-4). Suppose p = -4*b, 3*a - 5*b - 10 = -2*a. List the prime factors of a.
2
List the prime factors of (-393678)/(-162) - (-3 - 112/(-36)).
2, 3, 5
Suppose 10*v - 6*v - 1584 = 0. Suppose v = 5*o - 179. What are the prime factors of o?
5, 23
Let r be 33/22*(-8)/(-6). Suppose -r = f + 1. List the prime factors of ((-378)/f)/((-10)/(-5)).
3, 7
Let j = -1 - -4. Suppose j = -2*g + 7. What are the prime factors of 34*(g - 15/10)?
17
Let u = -22 - -10. Let i be 2*u/(-2)*5. What are the prime factors of (-6)/((-5)/(i/9))?
2
Let u = 67 - 43. Let w = -19 + u. Suppose 95 = -0*q + w*q + 5*h, 4*q + 3*h = 81. List the prime factors of q.
2, 3
Let c(l) = 72*l**2 + 5*l + 8. What are the prime factors of c(-2)?
2, 11, 13
Let d(c) = -c. Let s(m) = -8*m - 34. Let l(o) = 3*d(o) - s(o). What are the prime factors of l(0)?
2, 17
Suppose 1900 = 10*q - 8*q. Suppose -4*g - 170 = -q. List the prime factors of g.
3, 5, 13
Let i = 30 + -18. Let u(c) = i*c + 10*c - 6 - 31*c. List the prime factors of u(-3).
3, 7
Suppose -26 = -7*z + 2. Suppose 3*j - 27 = -z*u + 3*u, -2*j = 5*u - 187. Let w = 63 - u. What are the prime factors of w?
2, 3
Let d be 12 + -4 + 3 + 4. What are the prime factors of -13*(4 + d/(-3))?
13
Let w = 150 + 179. List the prime factors of w.
7, 47
Let h = -1096 + 1577. Suppose -3*y - h = -4*j, 175 = j - 4*y + 71. What are the prime factors of j?
2, 31
Suppose -2*w = -2*z - 244, 5*w + 3*z - 144 = 434. Suppose -3*h - 3*r + 168 = 0, h + 4*r + w = 3*h. Suppose 0 = c + 2*c - h. What are the prime factors of c?
19
Let z = -345 + 238. Let t = -58 - z. What are the prime factors of t?
7
Let a = 1099 + 722. List the prime factors of a.
3, 607
Let k(l) = -305*l**3 + 4*l**2 + l - 1. Let z be k(-1). Let i = z - 179. What are the prime factors of i?
2
Let m be 0/((1 - 2)*2). Let g(i) = i**2 - i. Let d be g(m). Suppose d*l - 110 = -5*l. List the prime factors of l.
2, 11
Let x = 1746 - -2875. List the prime factors of x.
4621
Suppose -5*p + 25 = 0, -4*p = 3*w - 146 - 975. What are the prime factors of w?
367
Let m(v) be the second derivative of 11*v**3/6 - 27*v**2/2 + 9*v. What are the prime factors of m(8)?
61
What are the prime factors of (-140)/(-77) + -2 - (-8487)/33?
257
Suppose -626 = -i + 444. List the prime factors of i.
2, 5, 107
Suppose -4*h - 139 + 2815 = 0. What are the prime factors of h?
3, 223
Let n(s) = -s - 8. Let z be n(-5). Let l be (28/(-4))/(3 + -2). Let w = z - l. List the prime factors of w.
2
What are the prime factors of (-2 + (-98)/35)/(9/(-2940))?
2, 7
Let w be -2 - 0 - 0/4. Let k be w*(3/(-2) - 0). What are the prime factors of (k*4)/((-3)/(-4))?
2
Let s(n) = n**3 + n**2 - 3*n + 5. Let z be s(5). Suppose -38 = -2*r + z. List the prime factors of r.
89
Let l(p) = p**3 - 10*p + 11. What are the prime factors of l(4)?
5, 7
Let i be (7/14)/((-3)/(-24)). Suppose i*v = -a + 372, -5*v + 376 = 4*a - 89. List the prime factors of v.
3, 31
Suppose 4*s - 359 = 2*j + 131, -3*s - 225 = j. Let o = 357 + j. What are the prime factors of o?
2, 3, 5
Let x = 41 - 37. Let o(d) = 5*d**2 - 5*d + 5. List the prime factors of o(x).
5, 13
Suppose -6*l + 5486 + 5230 = 0. What are the prime factors of l?
2, 19, 47
Let q be -9*((2 - 0) + -3). Suppose p = -0*p - q. List the prime factors of (-3)/(p/75) - -1.
2, 13
Let a(l) = -15*l + 692. List the prime factors of a(20).
2, 7
Let y(z) be the third derivative of 5*z**2 + 0*z + 1/3*z**3 + 1/6*z**4 - 3/20*z**5 + 0 + 1/120*z**6. What are the prime factors of y(9)?
2, 19
Suppose 13*s - 8*s - 45 = 0. What are the prime factors of ((-142)/s)/(-1) + (-8)/(-36)?
2
Let l(v) = -v - 1 + 11*v + 15*v. Let z be l(1). Suppose -52 - z = -4*s. What are the prime factors of s?
19
What are the prime factors of -29 - -31 - (-2752)/2?
2, 13, 53
Suppose -4*x = -4, -3*q - 5*x + x + 25 = 0. Let m = 387 - 380. Let r = q + m. What are the prime factors of r?
2, 7
Let o = 9 + -9. Suppose -3*u = y - 4*u, -4*u + 20 = o. Suppose 0 = -y*i + 3*g + 10, -4*g = -g. List the prime factors of i.
2
List the prime factors of ((-2)/(-4)*2)/((-16)/(-20656)).
1291
Let m = 29 - 16. Let r(y) = -y**2. Let b(x) = -x**3 + 10*x**2 + 11*x - 2. Let g(d) = -b(d) + 2*r(d). List the prime factors of g(m).
2, 7
Let x(z) = -z**3 - 9*z**2 + 53*z + 13. What are the prime factors of x(-14)?
251
Suppose 2*m - 2790 = -5*p, -3*m + 4166 = -3*p + p. What are the prime factors of m?
2, 5, 139
Let n(l) = l**3 + 13*l**2 + 22*l + 5. Let x be (7*-2 - -2) + 2. List the prime factors of n(x).
5, 17
Let d = 26 + -11. Let v = -13 + d. List the prime factors of 1 - (-1 + 0/v).
2
Let k be 2 - (4 + -1 + 0). Let s be (2/4)/(k/128). List the prime factors of -3 - (s + (-1 - 0)).
2, 31
Let q be (-42)/18*1*-3. Let x(k) be the first derivative of k**2/2 + 4*k - 6. What are the prime factors of x(q)?
11
Let q = -119 + 36. Let m = q - -37. Let h = m + 74. List the prime factors of h.
2, 7
Let t(u) = u**3 + 87. Let a be t(0). Suppose 2*y = 5*z - y - 399, 3*y = z - a. List the prime factors of z.
2, 3, 13
Let n = -28 - -53. Suppose 3*p + 21 = j - 0*p, -j + n = -4*p. Let h = 14 - j. What are the prime factors of h?
5
Let l(v) = 86*v - 3. List the prime factors of l(1).
83
Let o(n) = -n**3 + 9*n**2 + 5. Let t be o(9). Suppose 63 = 5*r + j, r - j = t + 4. What are the prime factors of r?
2, 3
Let l be (-292)/(-18) - 14/63. List the prime factors of 1172/l + (-9)/(-12).
2, 37
Let h(d) = 3*d + 16. Let k be h(-7). Let g = -3 - k. What are the prime factors of g?
2
What are the prime factors of 9/3 + -9 + 11?
5
Suppose 4300 = -8*s + 18*s. List the prime factors of s.
2, 5, 43
Suppose 33*g = 3944 + 1468. What are the prime factors of g?
2, 41
Let a be (-3)/(-12) - 75/12. Let h be a/(-4)*(-4)/3. Let l = h + 17. What are the prime factors of l?
3, 5
Let b = -7351 + 12619. List the prime factors of b.
2, 3, 439
Let x be -23 - (-5)/(25/(-10)). Let f = x - -27. What are the prime factors of f?
2
Let s be 1 + -2 + (2 - 